{"id":956,"date":"2022-08-18T12:47:08","date_gmt":"2022-08-18T10:47:08","guid":{"rendered":"https:\/\/iglesiaevangelicaamara.com\/politica-de-privacidad\/"},"modified":"2022-08-18T12:47:08","modified_gmt":"2022-08-18T10:47:08","slug":"politica-de-privacidad","status":"publish","type":"page","link":"https:\/\/wpt-8fth.193-84-177-55.cpanel.site\/eu\/politica-de-privacidad\/","title":{"rendered":"Pol\u00edtica de privacidad"},"content":{"rendered":"<h3><span style=\"color: #333391;\"><strong>INFORMACION SOBRE EL TRATAMIENTO DE DATOS<\/strong><\/span><\/h3>\n<p><strong><span style=\"color: #333391;\">\u00bfQui\u00e9n es el responsable de sus datos?<\/span><\/strong><br \/>\nDe acuerdo con lo establecido por el Reglamento (UE) 2016\/679 del Parlamento Europeo y del Consejo, le informamos que los datos personales aportados ser\u00e1n tratados por <strong>IGLESIA CRISTIANA EVANGELICA DE AMARA<\/strong> con <strong>CIF R2000449E<\/strong> y domicilio en <strong>Plaza de las Armerias 2 &#8211; 20011, DONOSTIA (Gipuzkoa)<\/strong>.<\/p>\n<p><strong><span style=\"color: #333391;\">\u00bfCu\u00e1les son sus derechos cuando nos facilita sus datos?<\/span><\/strong><br \/>\nCualquier persona tiene derecho a solicitar el<strong> acceso, rectificaci\u00f3n, supresi\u00f3n, limitaci\u00f3n del tratamiento, oposici\u00f3n o derecho a la portabilidad<\/strong> de sus datos personales, escribi\u00e9ndonos a la direcci\u00f3n de nuestras oficinas, o enviando un correo electr\u00f3nico a<a href=\"mailto:info@iglesiaevangelicaamara.com\"><strong><span style=\"color: #333391;\"> info@iglesiaevangelicaamara.com<\/span><\/strong><\/a>, indicando el derecho que desea ejercer.<br \/>\nTendr\u00e1 derecho igualmente a<strong> retirar el consentimiento<\/strong> prestado en cualquier momento. La retirada del consentimiento no afectar\u00e1 a la licitud del tratamiento efectuado antes de la retirada de dicho consentimiento.<br \/>\nTiene derecho a presentar una <strong>reclamaci\u00f3n ante la <a href=\"https:\/\/www.aepd.es\/es\/derechos-y-deberes\/conoce-tus-derechos\">autoridad de control<\/a><\/strong> si considera que pueden haber sido vulnerados sus derechos en lo concerniente a la protecci\u00f3n de sus datos personales.<\/p>\n<p><strong><span style=\"color: #333391;\">DEMANDANTES DE AYUDAS SOCIALES<\/span><\/strong><br \/>\n<strong><span style=\"color: #333391;\">\u00bfCon qu\u00e9 finalidad tratamos sus datos personales?<\/span><\/strong><br \/>\nLos datos aportados por usted son necesarios para poder prestarle con todas las garant\u00edas el servicio solicitado, y ser\u00e1n tratados con las siguientes finalidades: gesti\u00f3n de los datos de los demandantes de ayudas sociales.<\/p>\n<p><strong><span style=\"color: #333391;\">\u00bfPor cu\u00e1nto tiempo conservaremos sus datos?<\/span><\/strong><br \/>\nSus datos ser\u00e1n conservados mientras exista previsi\u00f3n legal que haga necesario su almacenamiento.<\/p>\n<p><strong><span style=\"color: #333391;\">\u00bfCu\u00e1l es la legitimaci\u00f3n para el tratamiento de sus datos?<\/span><\/strong><br \/>\nEl consentimiento del interesado.<\/p>\n<p><strong><span style=\"color: #333391;\">\u00bfA qu\u00e9 destinatarios se comunicar\u00e1n sus datos?<\/span><\/strong><br \/>\nPara cumplir con la finalidad prevista, sus datos podr\u00e1n ser comunicados a: Banco de Alimentos de Gipuzkoa<\/p>\n<p><strong><span style=\"color: #333391;\">CONTACTOS <\/span><\/strong><br \/>\n<strong><span style=\"color: #333391;\">\u00bfCon qu\u00e9 finalidad tratamos sus datos personales?<\/span><\/strong><br \/>\nLos datos aportados por usted son necesarios para poder prestarle con todas las garant\u00edas el servicio solicitado, y ser\u00e1n tratados con las siguientes finalidades: Gesti\u00f3n de las comunicaciones de la iglesia y promoci\u00f3n de las actividades.<\/p>\n<p><strong><span style=\"color: #333391;\">\u00bfPor cu\u00e1nto tiempo conservaremos sus datos?<\/span><\/strong><br \/>\nLos datos personales proporcionados se conservar\u00e1n mientras se prevea que pueden ser necesarios para contactar con el interesado.<\/p>\n<p><span style=\"color: #333391;\"><strong>\u00bfCu\u00e1l es la legitimaci\u00f3n para el tratamiento de sus datos?<\/strong><\/span><br \/>\nLa base legal para el tratamiento de sus datos es el consentimiento del interesado al proporcionar sus datos de contacto.<\/p>\n<p><strong><span style=\"color: #333391;\">\u00bfA qu\u00e9 destinatarios se comunicar\u00e1n sus datos?<\/span><\/strong><br \/>\nSus datos no se ceder\u00e1n a terceros salvo obligaci\u00f3n legal.<\/p>\n<p><strong><span style=\"color: #333391;\">DONANTES<\/span><\/strong><br \/>\n<strong><span style=\"color: #333391;\">\u00bfCon qu\u00e9 finalidad tratamos sus datos personales?<\/span><\/strong><br \/>\nLos datos aportados por usted son necesarios para poder prestarle con todas las garant\u00edas el servicio solicitado, y ser\u00e1n tratados con las siguientes finalidades: gesti\u00f3n administrativa de los datos de las personas que realizan donaciones<\/p>\n<p><strong><span style=\"color: #333391;\">\u00bfPor cu\u00e1nto tiempo conservaremos sus datos?<\/span><\/strong><br \/>\nSus datos ser\u00e1n conservados mientras exista previsi\u00f3n legal que haga necesario su almacenamiento o nos solicite su supresi\u00f3n<\/p>\n<p><span style=\"color: #333391;\"><strong>\u00bfCu\u00e1l es la legitimaci\u00f3n para el tratamiento de sus datos?<\/strong><\/span><br \/>\nEl cumplimiento de una obligaci\u00f3n fiscal<\/p>\n<p><strong><span style=\"color: #333391;\">\u00bfA qu\u00e9 destinatarios se comunicar\u00e1n sus datos?<\/span><\/strong><br \/>\nPara cumplir con la finalidad prevista, sus datos podr\u00e1n ser comunicados a: Administraci\u00f3n tributaria.<\/p>\n<p><strong><span style=\"color: #333391;\">ASISTENTES A CURSOS, RETIROS Y CAMPAMENTOS.<\/span><\/strong><br \/>\n<strong><span style=\"color: #333391;\">\u00bfCon qu\u00e9 finalidad tratamos sus datos personales?<\/span><\/strong><br \/>\nLos datos aportados por usted son necesarios para poder prestarle con todas las garant\u00edas el servicio solicitado, y ser\u00e1n tratados con las siguientes finalidades: Gesti\u00f3n de los datos de los asistentes a los cursos de formaci\u00f3n, retiros y campamentos.<\/p>\n<p><strong><span style=\"color: #333391;\">\u00bfPor cu\u00e1nto tiempo conservaremos sus datos?<\/span><\/strong><br \/>\nSus datos ser\u00e1n conservados mientras exista previsi\u00f3n legal que haga necesario su almacenamiento.<\/p>\n<p><strong><span style=\"color: #333391;\">\u00bfCu\u00e1l es la legitimaci\u00f3n para el tratamiento de sus datos?<\/span><\/strong><br \/>\nEl consentimiento del interesado.<\/p>\n<p><strong><span style=\"color: #333391;\">\u00bfA qu\u00e9 destinatarios se comunicar\u00e1n sus datos?<\/span><\/strong><br \/>\nSus datos no se ceder\u00e1n a terceros salvo obligaci\u00f3n legal.<\/p>\n<p><strong><span style=\"color: #333391;\">MIEMBROS DE LA IGLESIA<\/span><\/strong><br \/>\n\u00bfQui\u00e9n es el responsable de sus datos?<br \/>\nDe acuerdo con lo establecido por el Reglamento (UE) 2016\/679 del Parlamento Europeo y del Consejo, le informamos que los datos personales aportados ser\u00e1n tratados por <strong>IGLESIA CRISTIANA EVANGELICA DE AMARA<\/strong> con<strong> CIF R2000449E<\/strong> y domicilio en <strong>Plaza de las Armerias 2 &#8211; 20011, DONOSTIA (Gipuzkoa).<\/strong><\/p>\n<p><strong><span style=\"color: #333391;\">\u00bfCon qu\u00e9 finalidad tratamos sus datos personales?<\/span><\/strong><br \/>\nLos datos aportados por usted son necesarios para poder prestarle con todas las garant\u00edas el servicio solicitado, y ser\u00e1n tratados con las siguientes finalidades: Gesti\u00f3n de los datos de los miembros para organizar las distintas actividades de la iglesia.<\/p>\n<p><strong><span style=\"color: #333391;\">\u00bfPor cu\u00e1nto tiempo conservaremos sus datos?<\/span><\/strong><br \/>\nSus datos ser\u00e1n conservados mientras exista previsi\u00f3n legal que haga necesario su almacenamiento.<\/p>\n<p><strong><span style=\"color: #333391;\">\u00bfCu\u00e1l es la legitimaci\u00f3n para el tratamiento de sus datos?<\/span><\/strong><br \/>\nEl consentimiento del interesado.<\/p>\n<p><strong><span style=\"color: #333391;\">\u00bfA qu\u00e9 destinatarios se comunicar\u00e1n sus datos?<\/span><\/strong><br \/>\nSus datos no se ceder\u00e1n a terceros salvo obligaci\u00f3n legal.<\/p>\n","protected":false},"excerpt":{"rendered":"<p>INFORMACION SOBRE EL TRATAMIENTO DE DATOS \u00bfQui\u00e9n es el responsable de sus datos? De acuerdo con lo establecido por el Reglamento (UE) 2016\/679 del Parlamento Europeo y del Consejo, le&#8230;<\/p>\n","protected":false},"author":2,"featured_media":0,"parent":0,"menu_order":0,"comment_status":"closed","ping_status":"closed","template":"","meta":{"cybocfi_hide_featured_image":"","footnotes":""},"class_list":["post-956","page","type-page","status-publish"],"_links":{"self":[{"href":"https:\/\/wpt-8fth.193-84-177-55.cpanel.site\/eu\/wp-json\/wp\/v2\/pages\/956","targetHints":{"allow":["GET"]}}],"collection":[{"href":"https:\/\/wpt-8fth.193-84-177-55.cpanel.site\/eu\/wp-json\/wp\/v2\/pages"}],"about":[{"href":"https:\/\/wpt-8fth.193-84-177-55.cpanel.site\/eu\/wp-json\/wp\/v2\/types\/page"}],"author":[{"embeddable":true,"href":"https:\/\/wpt-8fth.193-84-177-55.cpanel.site\/eu\/wp-json\/wp\/v2\/users\/2"}],"replies":[{"embeddable":true,"href":"https:\/\/wpt-8fth.193-84-177-55.cpanel.site\/eu\/wp-json\/wp\/v2\/comments?post=956"}],"version-history":[{"count":0,"href":"https:\/\/wpt-8fth.193-84-177-55.cpanel.site\/eu\/wp-json\/wp\/v2\/pages\/956\/revisions"}],"wp:attachment":[{"href":"https:\/\/wpt-8fth.193-84-177-55.cpanel.site\/eu\/wp-json\/wp\/v2\/media?parent=956"}],"curies":[{"name":"wp","href":"https:\/\/api.w.org\/{rel}","templated":true}]}}

Política de privacidad

<h3><span style="color: #333391;"><strong>INFORMACION SOBRE EL TRATAMIENTO DE DATOS</strong></span></h3>
<p><strong><span style="color: #333391;">¿Quién es el responsable de sus datos?</span></strong><br />
De acuerdo con lo establecido por el Reglamento (UE) 2016/679 del Parlamento Europeo y del Consejo, le informamos que los datos personales aportados serán tratados por <strong>IGLESIA CRISTIANA EVANGELICA DE AMARA</strong> con <strong>CIF R2000449E</strong> y domicilio en <strong>Plaza de las Armerias 2 &#8211; 20011, DONOSTIA (Gipuzkoa)</strong>.</p>
<p><strong><span style="color: #333391;">¿Cuáles son sus derechos cuando nos facilita sus datos?</span></strong><br />
Cualquier persona tiene derecho a solicitar el<strong> acceso, rectificación, supresión, limitación del tratamiento, oposición o derecho a la portabilidad</strong> de sus datos personales, escribiéndonos a la dirección de nuestras oficinas, o enviando un correo electrónico a<a href="mailto:info@iglesiaevangelicaamara.com"><strong><span style="color: #333391;"> info@iglesiaevangelicaamara.com</span></strong></a>, indicando el derecho que desea ejercer.<br />
Tendrá derecho igualmente a<strong> retirar el consentimiento</strong> prestado en cualquier momento. La retirada del consentimiento no afectará a la licitud del tratamiento efectuado antes de la retirada de dicho consentimiento.<br />
Tiene derecho a presentar una <strong>reclamación ante la <a href="https://www.aepd.es/es/derechos-y-deberes/conoce-tus-derechos">autoridad de control</a></strong> si considera que pueden haber sido vulnerados sus derechos en lo concerniente a la protección de sus datos personales.</p>
<p><strong><span style="color: #333391;">DEMANDANTES DE AYUDAS SOCIALES</span></strong><br />
<strong><span style="color: #333391;">¿Con qué finalidad tratamos sus datos personales?</span></strong><br />
Los datos aportados por usted son necesarios para poder prestarle con todas las garantías el servicio solicitado, y serán tratados con las siguientes finalidades: gestión de los datos de los demandantes de ayudas sociales.</p>
<p><strong><span style="color: #333391;">¿Por cuánto tiempo conservaremos sus datos?</span></strong><br />
Sus datos serán conservados mientras exista previsión legal que haga necesario su almacenamiento.</p>
<p><strong><span style="color: #333391;">¿Cuál es la legitimación para el tratamiento de sus datos?</span></strong><br />
El consentimiento del interesado.</p>
<p><strong><span style="color: #333391;">¿A qué destinatarios se comunicarán sus datos?</span></strong><br />
Para cumplir con la finalidad prevista, sus datos podrán ser comunicados a: Banco de Alimentos de Gipuzkoa</p>
<p><strong><span style="color: #333391;">CONTACTOS </span></strong><br />
<strong><span style="color: #333391;">¿Con qué finalidad tratamos sus datos personales?</span></strong><br />
Los datos aportados por usted son necesarios para poder prestarle con todas las garantías el servicio solicitado, y serán tratados con las siguientes finalidades: Gestión de las comunicaciones de la iglesia y promoción de las actividades.</p>
<p><strong><span style="color: #333391;">¿Por cuánto tiempo conservaremos sus datos?</span></strong><br />
Los datos personales proporcionados se conservarán mientras se prevea que pueden ser necesarios para contactar con el interesado.</p>
<p><span style="color: #333391;"><strong>¿Cuál es la legitimación para el tratamiento de sus datos?</strong></span><br />
La base legal para el tratamiento de sus datos es el consentimiento del interesado al proporcionar sus datos de contacto.</p>
<p><strong><span style="color: #333391;">¿A qué destinatarios se comunicarán sus datos?</span></strong><br />
Sus datos no se cederán a terceros salvo obligación legal.</p>
<p><strong><span style="color: #333391;">DONANTES</span></strong><br />
<strong><span style="color: #333391;">¿Con qué finalidad tratamos sus datos personales?</span></strong><br />
Los datos aportados por usted son necesarios para poder prestarle con todas las garantías el servicio solicitado, y serán tratados con las siguientes finalidades: gestión administrativa de los datos de las personas que realizan donaciones</p>
<p><strong><span style="color: #333391;">¿Por cuánto tiempo conservaremos sus datos?</span></strong><br />
Sus datos serán conservados mientras exista previsión legal que haga necesario su almacenamiento o nos solicite su supresión</p>
<p><span style="color: #333391;"><strong>¿Cuál es la legitimación para el tratamiento de sus datos?</strong></span><br />
El cumplimiento de una obligación fiscal</p>
<p><strong><span style="color: #333391;">¿A qué destinatarios se comunicarán sus datos?</span></strong><br />
Para cumplir con la finalidad prevista, sus datos podrán ser comunicados a: Administración tributaria.</p>
<p><strong><span style="color: #333391;">ASISTENTES A CURSOS, RETIROS Y CAMPAMENTOS.</span></strong><br />
<strong><span style="color: #333391;">¿Con qué finalidad tratamos sus datos personales?</span></strong><br />
Los datos aportados por usted son necesarios para poder prestarle con todas las garantías el servicio solicitado, y serán tratados con las siguientes finalidades: Gestión de los datos de los asistentes a los cursos de formación, retiros y campamentos.</p>
<p><strong><span style="color: #333391;">¿Por cuánto tiempo conservaremos sus datos?</span></strong><br />
Sus datos serán conservados mientras exista previsión legal que haga necesario su almacenamiento.</p>
<p><strong><span style="color: #333391;">¿Cuál es la legitimación para el tratamiento de sus datos?</span></strong><br />
El consentimiento del interesado.</p>
<p><strong><span style="color: #333391;">¿A qué destinatarios se comunicarán sus datos?</span></strong><br />
Sus datos no se cederán a terceros salvo obligación legal.</p>
<p><strong><span style="color: #333391;">MIEMBROS DE LA IGLESIA</span></strong><br />
¿Quién es el responsable de sus datos?<br />
De acuerdo con lo establecido por el Reglamento (UE) 2016/679 del Parlamento Europeo y del Consejo, le informamos que los datos personales aportados serán tratados por <strong>IGLESIA CRISTIANA EVANGELICA DE AMARA</strong> con<strong> CIF R2000449E</strong> y domicilio en <strong>Plaza de las Armerias 2 &#8211; 20011, DONOSTIA (Gipuzkoa).</strong></p>
<p><strong><span style="color: #333391;">¿Con qué finalidad tratamos sus datos personales?</span></strong><br />
Los datos aportados por usted son necesarios para poder prestarle con todas las garantías el servicio solicitado, y serán tratados con las siguientes finalidades: Gestión de los datos de los miembros para organizar las distintas actividades de la iglesia.</p>
<p><strong><span style="color: #333391;">¿Por cuánto tiempo conservaremos sus datos?</span></strong><br />
Sus datos serán conservados mientras exista previsión legal que haga necesario su almacenamiento.</p>
<p><strong><span style="color: #333391;">¿Cuál es la legitimación para el tratamiento de sus datos?</span></strong><br />
El consentimiento del interesado.</p>
<p><strong><span style="color: #333391;">¿A qué destinatarios se comunicarán sus datos?</span></strong><br />
Sus datos no se cederán a terceros salvo obligación legal.</p>

<p>INFORMACION SOBRE EL TRATAMIENTO DE DATOS ¿Quién es el responsable de sus datos? De acuerdo con lo establecido por el Reglamento (UE) 2016/679 del Parlamento Europeo y del Consejo, le&#8230;</p>
